{"id":163,"date":"2018-05-11T09:52:41","date_gmt":"2018-05-11T07:52:41","guid":{"rendered":"http:\/\/lightyellow-salamander-971425.hostingersite.com\/?page_id=163"},"modified":"2021-02-02T01:15:50","modified_gmt":"2021-02-02T00:15:50","slug":"creditos","status":"publish","type":"page","link":"https:\/\/la.safestart.com\/oldv\/creditos\/","title":{"rendered":"Cr\u00e9ditos"},"content":{"rendered":"<h2><strong>Empresa<\/strong><\/h2>\n<p>Avenida Pino Suarez #750 \u2013 Interior 503<br \/>\nMonterrey, Nuevo Leon, M\u00e9xico<br \/>\nCP: 64000<br \/>\n+52 818 248 4517<br \/>\ninfo@ssi.safestart.com<\/p>\n<h3><strong>Fuentes de las im\u00e1genes<\/strong><\/h3>\n<p>El sitio web utiliza varias fotos de archivo. Son las siguientes:<\/p>\n<p>\u00a9 industrieblick | <a href=\"https:\/\/stock.adobe.com\/de\/images\/arbeiter-im-warenlager-workers-in-logistics\/69707467\" target=\"_blank\" rel=\"noopener noreferrer\">Adobe Stock<\/a><\/p>\n<p>\u00a9 interstid | <a href=\"https:\/\/stock.adobe.com\/de\/images\/tried-staff-sittng-in-container-box\/232986251?\" target=\"_blank\" rel=\"noopener noreferrer\">Adobe Stock<\/a><\/p>\n<p>\u00a9 romankosolapov | <a href=\"https:\/\/stock.adobe.com\/de\/images\/employee-grinding-steel-with-sparks-focus-on-grinder-steel-factory\/287632792\" target=\"_blank\" rel=\"noopener noreferrer\">Adobe Stock<\/a><\/p>\n<p>\u00a9\u00a0oatawa\u00a0|\u00a0<a href=\"https:\/\/de.fotolia.com\/id\/165324631#\" target=\"_blank\" rel=\"noopener noreferrer\">Fotolia<\/a><\/p>\n<p>\u00a9\u00a0everythingpossible\u00a0|\u00a0<a href=\"https:\/\/de.fotolia.com\/id\/207234501#\" target=\"_blank\" rel=\"noopener noreferrer\">Fotolia<\/a><\/p>\n<p>\u00a9\u00a0Prostock-studio\u00a0|\u00a0<a href=\"https:\/\/de.fotolia.com\/id\/208101695\" target=\"_blank\" rel=\"noopener noreferrer\">Fotolia<\/a><\/p>\n<p>\u00a9\u00a0Bojan\u00a0|\u00a0<a href=\"https:\/\/de.fotolia.com\/id\/177690413#\" target=\"_blank\" rel=\"noopener noreferrer\">Fotolia<\/a><\/p>\n<p>\u00a9\u00a0fotogestoeber\u00a0|\u00a0<a href=\"https:\/\/de.fotolia.com\/id\/208286813#\" target=\"_blank\" rel=\"noopener noreferrer\">Fotolia<\/a><\/p>\n<p>\u00a9\u00a0drubig-photo\u00a0|\u00a0<a href=\"https:\/\/de.fotolia.com\/id\/149427030#\" target=\"_blank\" rel=\"noopener noreferrer\">Fotolia<\/a><\/p>\n<p>\u00a9\u00a0Rawpixel.com\u00a0|\u00a0<a href=\"https:\/\/de.fotolia.com\/id\/132222768#\" target=\"_blank\" rel=\"noopener noreferrer\">Fotolia<\/a><\/p>\n<p>\u00a9\u00a0industrieblick\u00a0|\u00a0<a href=\"https:\/\/de.fotolia.com\/id\/196018486#\" target=\"_blank\" rel=\"noopener noreferrer\">Fotolia<\/a><\/p>\n<p>\u00a9\u00a0Jacob Lund\u00a0|\u00a0<a href=\"https:\/\/de.fotolia.com\/id\/179596940#\" target=\"_blank\" rel=\"noopener noreferrer\">Fotolia<\/a><\/p>\n<p>\u00a9\u00a0nd3000\u00a0|\u00a0<a href=\"https:\/\/de.fotolia.com\/id\/182553579#\" target=\"_blank\" rel=\"noopener noreferrer\">Fotolia<\/a><\/p>\n<p>\u00a9\u00a0liderina\u00a0|\u00a0<a href=\"https:\/\/de.fotolia.com\/id\/171432392#\" target=\"_blank\" rel=\"noopener noreferrer\">Fotolia<\/a><\/p>\n<p>\u00a9\u00a0everythingpossible\u00a0|\u00a0<a href=\"https:\/\/de.fotolia.com\/id\/207234501#\" target=\"_blank\" rel=\"noopener noreferrer\">Fotolia<\/a><\/p>\n<p>\u00a9\u00a0bunyarit\u00a0|\u00a0<a href=\"https:\/\/de.fotolia.com\/id\/123607801#\" target=\"_blank\" rel=\"noopener noreferrer\">Fotolia<\/a><\/p>\n<p>\u00a9\u00a0shocky\u00a0|\u00a0<a href=\"https:\/\/de.fotolia.com\/id\/89109828#\" target=\"_blank\" rel=\"noopener noreferrer\">Fotolia<\/a><\/p>\n<p>\u00a9 nd3000 | <a href=\"https:\/\/de.fotolia.com\/id\/182553579\" target=\"_blank\" rel=\"noopener noreferrer\">Fotolia<\/a><\/p>\n<p>\u00a9 nd3000 | <a href=\"https:\/\/de.fotolia.com\/id\/177759015\" target=\"_blank\" rel=\"noopener noreferrer\">Fotolia<\/a><\/p>\n<p>\u00a9 Scenessence | <a href=\"https:\/\/de.fotolia.com\/id\/207150898\" target=\"_blank\" rel=\"noopener noreferrer\">Fotolia<\/a><\/p>\n<p>\u00a9\u00a0Aeduard | <a href=\"https:\/\/www.gettyimages.ca\/license\/181131230\" target=\"_blank\" rel=\"noopener noreferrer\">Getty Images<\/a><\/p>\n<p>\u00a9\u00a0Altayb | <a href=\"https:\/\/www.gettyimages.ca\/license\/467395216\" target=\"_blank\" rel=\"noopener noreferrer\">Getty Images<\/a><\/p>\n<p>\u00a9\u00a0Anna-Ok | <a href=\"https:\/\/www.gettyimages.ca\/license\/616898014\" target=\"_blank\" rel=\"noopener noreferrer\">Getty Images<\/a><\/p>\n<p>\u00a9\u00a0Baona | <a href=\"https:\/\/www.gettyimages.ca\/license\/543661972\" target=\"_blank\" rel=\"noopener noreferrer\">Getty Images<\/a><\/p>\n<p>\u00a9\u00a0Ben_Pruchnie_Studio | <a href=\"https:\/\/www.gettyimages.ca\/license\/175945178\" target=\"_blank\" rel=\"noopener noreferrer\">Getty Images<\/a><\/p>\n<p>\u00a9\u00a0Carloscastilla | <a href=\"https:\/\/www.gettyimages.ca\/license\/917670662\" target=\"_blank\" rel=\"noopener noreferrer\">Getty Images<\/a><\/p>\n<p>\u00a9\u00a0CharlieChesvick | <a href=\"https:\/\/www.gettyimages.ca\/license\/667878716\" target=\"_blank\" rel=\"noopener noreferrer\">Getty Images<\/a><\/p>\n<p>\u00a9\u00a0Clubfoto | <a href=\"https:\/\/www.gettyimages.ca\/license\/823585064\" target=\"_blank\" rel=\"noopener noreferrer\">Getty Images<\/a><\/p>\n<p>\u00a9\u00a0Gorodenkoff | <a href=\"https:\/\/www.gettyimages.ca\/license\/879813920\" target=\"_blank\" rel=\"noopener noreferrer\">Getty Images<\/a><\/p>\n<p>\u00a9\u00a0Gradyreese | <a href=\"https:\/\/www.gettyimages.ca\/license\/827498286\" target=\"_blank\" rel=\"noopener noreferrer\">Getty Images<\/a><\/p>\n<p>\u00a9\u00a0Guvendemir | <a href=\"https:\/\/www.gettyimages.ca\/license\/896596886\" target=\"_blank\" rel=\"noopener noreferrer\">Getty Images<\/a><\/p>\n<p>\u00a9 Ipopba | <a href=\"https:\/\/www.gettyimages.ca\/license\/871068034\" target=\"_blank\" rel=\"noopener noreferrer\">Getty Image<\/a><\/p>\n<p>\u00a9\u00a0Jacob Lund | <a href=\"https:\/\/www.gettyimages.ca\/license\/861164910\" target=\"_blank\" rel=\"noopener noreferrer\">Getty Images<\/a><\/p>\n<p>\u00a9\u00a0Jirapong Manustrong | <a href=\"https:\/\/www.gettyimages.ca\/license\/881542122\" target=\"_blank\" rel=\"noopener noreferrer\">Getty Images<\/a><\/p>\n<p>\u00a9\u00a0Junce | <a href=\"https:\/\/www.gettyimages.ca\/license\/641294644\" target=\"_blank\" rel=\"noopener noreferrer\">Getty Images<\/a><\/p>\n<p>\u00a9\u00a0Kameleon007 | <a href=\"https:\/\/www.gettyimages.ca\/license\/639414018\" target=\"_blank\" rel=\"noopener noreferrer\">Getty Images<\/a><\/p>\n<p>\u00a9\u00a0KatarzynaBialasiewicz | <a href=\"https:\/\/www.gettyimages.ca\/license\/481381670\" target=\"_blank\" rel=\"noopener noreferrer\">Getty Images<\/a><\/p>\n<p>\u00a9\u00a0Marchmeena29 | <a href=\"https:\/\/www.gettyimages.ca\/license\/852415740\" target=\"_blank\" rel=\"noopener noreferrer\">Getty Images<\/a><\/p>\n<p>\u00a9\u00a0Milanvirijevic | <a href=\"https:\/\/www.gettyimages.ca\/license\/601013830\" target=\"_blank\" rel=\"noopener noreferrer\">Getty Images<\/a><\/p>\n<p>\u00a9\u00a0NicoElNino | <a href=\"https:\/\/www.gettyimages.ca\/license\/869287090\" target=\"_blank\" rel=\"noopener noreferrer\">Getty Images<\/a><\/p>\n<p>\u00a9\u00a0PeopleImages | <a href=\"https:\/\/www.gettyimages.ca\/license\/621728016\" target=\"_blank\" rel=\"noopener noreferrer\">Getty Images<\/a><\/p>\n<p>\u00a9\u00a0Pixelfit | <a href=\"https:\/\/www.gettyimages.ca\/license\/915741300\" target=\"_blank\" rel=\"noopener noreferrer\">Getty Images<\/a><\/p>\n<p>\u00a9\u00a0Ridofranz | <a href=\"https:\/\/www.gettyimages.ca\/license\/532169709\" target=\"_blank\" rel=\"noopener noreferrer\">Getty Images<\/a><\/p>\n<p>\u00a9\u00a0Saklakova | <a href=\"https:\/\/www.gettyimages.ca\/license\/837009352\" target=\"_blank\" rel=\"noopener noreferrer\">Getty Images<\/a><\/p>\n<p>\u00a9\u00a0Shih-Wei | <a href=\"https:\/\/www.gettyimages.ca\/license\/669200520\" target=\"_blank\" rel=\"noopener noreferrer\">Getty Images<\/a><\/p>\n<p>\u00a9\u00a0Singkham | <a href=\"https:\/\/www.gettyimages.ca\/license\/672734322\" target=\"_blank\" rel=\"noopener noreferrer\">Getty Images<\/a><\/p>\n<p>\u00a9\u00a0South_agency | <a href=\"https:\/\/www.gettyimages.ca\/license\/530433932\" target=\"_blank\" rel=\"noopener noreferrer\">Getty Images<\/a><\/p>\n<p>\u00a9\u00a0Sandsun | <a href=\"https:\/\/www.gettyimages.ca\/license\/182228109\" target=\"_blank\" rel=\"noopener noreferrer\">Getty Images<\/a><\/p>\n<p>\u00a9\u00a0Supersizer | <a href=\"https:\/\/www.gettyimages.ca\/license\/841033108\" target=\"_blank\" rel=\"noopener noreferrer\">Getty Images<\/a><\/p>\n<p>\u00a9\u00a0Tolgart | <a href=\"https:\/\/www.gettyimages.ca\/license\/1025407664\" target=\"_blank\" rel=\"noopener noreferrer\">Getty Images<\/a><\/p>\n","protected":false},"excerpt":{"rendered":"<p>Empresa Avenida Pino Suarez #750 \u2013 Interior 503 Monterrey, Nuevo Leon, M\u00e9xico CP: 64000 +52 818 248 4517 info@ssi.safestart.com Fuentes de las im\u00e1genes El sitio web utiliza varias fotos de archivo. Son las siguientes: \u00a9 industrieblick | Adobe Stock \u00a9 interstid | Adobe Stock \u00a9&#8230;<\/p>\n","protected":false},"author":17,"featured_media":1875,"parent":0,"menu_order":0,"comment_status":"closed","ping_status":"closed","template":"page-fullwidthimage.php","meta":{"_acf_changed":false,"footnotes":""},"class_list":["post-163","page","type-page","status-publish","has-post-thumbnail","hentry"],"acf":[],"yoast_head":"<!-- This site is optimized with the Yoast SEO plugin v22.2 - https:\/\/yoast.com\/wordpress\/plugins\/seo\/ -->\n<title>Cr\u00e9ditos - SafeStart<\/title>\n<meta name=\"description\" content=\"La sede SafeStart Europe est\u00e1 en Westport, Irlanda. Pinche aqu\u00ed para el pie de imprenta completo y toda la informaci\u00f3n de contacto, direcci\u00f3n y m\u00e1s fuentes.\" \/>\n<meta name=\"robots\" content=\"noindex, follow\" \/>\n<meta property=\"og:locale\" content=\"es_ES\" \/>\n<meta property=\"og:type\" content=\"article\" \/>\n<meta property=\"og:title\" content=\"Cr\u00e9ditos - SafeStart\" \/>\n<meta property=\"og:description\" content=\"La sede SafeStart Europe est\u00e1 en Westport, Irlanda. Pinche aqu\u00ed para el pie de imprenta completo y toda la informaci\u00f3n de contacto, direcci\u00f3n y m\u00e1s fuentes.\" \/>\n<meta property=\"og:url\" content=\"https:\/\/la.safestart.com\/oldv\/creditos\/\" \/>\n<meta property=\"og:site_name\" content=\"SafeStart\" \/>\n<meta property=\"article:publisher\" content=\"https:\/\/www.facebook.com\/safestart\/\" \/>\n<meta property=\"article:modified_time\" content=\"2021-02-02T00:15:50+00:00\" \/>\n<meta property=\"og:image\" content=\"https:\/\/la.safestart.com\/oldv\/wp-content\/uploads\/2018\/11\/SafeStart-Pie-de-imprenta.jpg\" \/>\n\t<meta property=\"og:image:width\" content=\"1900\" \/>\n\t<meta property=\"og:image:height\" content=\"450\" \/>\n\t<meta property=\"og:image:type\" content=\"image\/jpeg\" \/>\n<meta name=\"twitter:card\" content=\"summary_large_image\" \/>\n<meta name=\"twitter:label1\" content=\"Tiempo de lectura\" \/>\n\t<meta name=\"twitter:data1\" content=\"1 minuto\" \/>\n<script type=\"application\/ld+json\" class=\"yoast-schema-graph\">{\"@context\":\"https:\/\/schema.org\",\"@graph\":[{\"@type\":\"WebPage\",\"@id\":\"https:\/\/la.safestart.com\/oldv\/creditos\/\",\"url\":\"https:\/\/la.safestart.com\/oldv\/creditos\/\",\"name\":\"Cr\u00e9ditos - SafeStart\",\"isPartOf\":{\"@id\":\"https:\/\/la.safestart.com\/oldv\/#website\"},\"primaryImageOfPage\":{\"@id\":\"https:\/\/la.safestart.com\/oldv\/creditos\/#primaryimage\"},\"image\":{\"@id\":\"https:\/\/la.safestart.com\/oldv\/creditos\/#primaryimage\"},\"thumbnailUrl\":\"https:\/\/la.safestart.com\/oldv\/wp-content\/uploads\/2018\/11\/SafeStart-Pie-de-imprenta.jpg\",\"datePublished\":\"2018-05-11T07:52:41+00:00\",\"dateModified\":\"2021-02-02T00:15:50+00:00\",\"description\":\"La sede SafeStart Europe est\u00e1 en Westport, Irlanda. Pinche aqu\u00ed para el pie de imprenta completo y toda la informaci\u00f3n de contacto, direcci\u00f3n y m\u00e1s fuentes.\",\"breadcrumb\":{\"@id\":\"https:\/\/la.safestart.com\/oldv\/creditos\/#breadcrumb\"},\"inLanguage\":\"es\",\"potentialAction\":[{\"@type\":\"ReadAction\",\"target\":[\"https:\/\/la.safestart.com\/oldv\/creditos\/\"]}]},{\"@type\":\"ImageObject\",\"inLanguage\":\"es\",\"@id\":\"https:\/\/la.safestart.com\/oldv\/creditos\/#primaryimage\",\"url\":\"https:\/\/la.safestart.com\/oldv\/wp-content\/uploads\/2018\/11\/SafeStart-Pie-de-imprenta.jpg\",\"contentUrl\":\"https:\/\/la.safestart.com\/oldv\/wp-content\/uploads\/2018\/11\/SafeStart-Pie-de-imprenta.jpg\",\"width\":1900,\"height\":450,\"caption\":\"Haga clic en el pie de imprenta para obtener toda la informaci\u00f3n, consultar la direcci\u00f3n de las oficinas centrales y m\u00e1s cosas sobre SafeStart Europe. (Imagen: \u00a9 Ridofranz | Getty Images)\"},{\"@type\":\"BreadcrumbList\",\"@id\":\"https:\/\/la.safestart.com\/oldv\/creditos\/#breadcrumb\",\"itemListElement\":[{\"@type\":\"ListItem\",\"position\":1,\"name\":\"SafeStart\",\"item\":\"https:\/\/la.safestart.com\/oldv\/\"},{\"@type\":\"ListItem\",\"position\":2,\"name\":\"Cr\u00e9ditos\"}]},{\"@type\":\"WebSite\",\"@id\":\"https:\/\/la.safestart.com\/oldv\/#website\",\"url\":\"https:\/\/la.safestart.com\/oldv\/\",\"name\":\"SafeStart\",\"description\":\"SafeStart aborda los errores humanos involuntarios y los h\u00e1bitos de seguridad cr\u00edticos, disminuyendo el riesgo y la probabilidad de lesiones. SafeStart acelera y mejora notablemente los esfuerzos emprendidos a fin de reducir los incidentes, complementando aquellos enfoques.\",\"publisher\":{\"@id\":\"https:\/\/la.safestart.com\/oldv\/#organization\"},\"potentialAction\":[{\"@type\":\"SearchAction\",\"target\":{\"@type\":\"EntryPoint\",\"urlTemplate\":\"https:\/\/la.safestart.com\/oldv\/?s={search_term_string}\"},\"query-input\":\"required name=search_term_string\"}],\"inLanguage\":\"es\"},{\"@type\":\"Organization\",\"@id\":\"https:\/\/la.safestart.com\/oldv\/#organization\",\"name\":\"SafeStart\",\"url\":\"https:\/\/la.safestart.com\/oldv\/\",\"logo\":{\"@type\":\"ImageObject\",\"inLanguage\":\"es\",\"@id\":\"https:\/\/la.safestart.com\/oldv\/#\/schema\/logo\/image\/\",\"url\":\"https:\/\/lightyellow-salamander-971425.hostingersite.com\/wp-content\/uploads\/2018\/06\/SafeStart-Logo_1.jpg\",\"contentUrl\":\"https:\/\/lightyellow-salamander-971425.hostingersite.com\/wp-content\/uploads\/2018\/06\/SafeStart-Logo_1.jpg\",\"width\":1057,\"height\":491,\"caption\":\"SafeStart\"},\"image\":{\"@id\":\"https:\/\/la.safestart.com\/oldv\/#\/schema\/logo\/image\/\"},\"sameAs\":[\"https:\/\/www.facebook.com\/safestart\/\",\"https:\/\/www.linkedin.com\/showcase\/safestart-europe\/\",\"https:\/\/www.youtube.com\/channel\/UCuy50tTZ7S-IvM58tYj9EmA\"]}]}<\/script>\n<!-- \/ Yoast SEO plugin. -->","yoast_head_json":{"title":"Cr\u00e9ditos - SafeStart","description":"La sede SafeStart Europe est\u00e1 en Westport, Irlanda. Pinche aqu\u00ed para el pie de imprenta completo y toda la informaci\u00f3n de contacto, direcci\u00f3n y m\u00e1s fuentes.","robots":{"index":"noindex","follow":"follow"},"og_locale":"es_ES","og_type":"article","og_title":"Cr\u00e9ditos - SafeStart","og_description":"La sede SafeStart Europe est\u00e1 en Westport, Irlanda. Pinche aqu\u00ed para el pie de imprenta completo y toda la informaci\u00f3n de contacto, direcci\u00f3n y m\u00e1s fuentes.","og_url":"https:\/\/la.safestart.com\/oldv\/creditos\/","og_site_name":"SafeStart","article_publisher":"https:\/\/www.facebook.com\/safestart\/","article_modified_time":"2021-02-02T00:15:50+00:00","og_image":[{"width":1900,"height":450,"url":"https:\/\/la.safestart.com\/oldv\/wp-content\/uploads\/2018\/11\/SafeStart-Pie-de-imprenta.jpg","type":"image\/jpeg"}],"twitter_card":"summary_large_image","twitter_misc":{"Tiempo de lectura":"1 minuto"},"schema":{"@context":"https:\/\/schema.org","@graph":[{"@type":"WebPage","@id":"https:\/\/la.safestart.com\/oldv\/creditos\/","url":"https:\/\/la.safestart.com\/oldv\/creditos\/","name":"Cr\u00e9ditos - SafeStart","isPartOf":{"@id":"https:\/\/la.safestart.com\/oldv\/#website"},"primaryImageOfPage":{"@id":"https:\/\/la.safestart.com\/oldv\/creditos\/#primaryimage"},"image":{"@id":"https:\/\/la.safestart.com\/oldv\/creditos\/#primaryimage"},"thumbnailUrl":"https:\/\/la.safestart.com\/oldv\/wp-content\/uploads\/2018\/11\/SafeStart-Pie-de-imprenta.jpg","datePublished":"2018-05-11T07:52:41+00:00","dateModified":"2021-02-02T00:15:50+00:00","description":"La sede SafeStart Europe est\u00e1 en Westport, Irlanda. Pinche aqu\u00ed para el pie de imprenta completo y toda la informaci\u00f3n de contacto, direcci\u00f3n y m\u00e1s fuentes.","breadcrumb":{"@id":"https:\/\/la.safestart.com\/oldv\/creditos\/#breadcrumb"},"inLanguage":"es","potentialAction":[{"@type":"ReadAction","target":["https:\/\/la.safestart.com\/oldv\/creditos\/"]}]},{"@type":"ImageObject","inLanguage":"es","@id":"https:\/\/la.safestart.com\/oldv\/creditos\/#primaryimage","url":"https:\/\/la.safestart.com\/oldv\/wp-content\/uploads\/2018\/11\/SafeStart-Pie-de-imprenta.jpg","contentUrl":"https:\/\/la.safestart.com\/oldv\/wp-content\/uploads\/2018\/11\/SafeStart-Pie-de-imprenta.jpg","width":1900,"height":450,"caption":"Haga clic en el pie de imprenta para obtener toda la informaci\u00f3n, consultar la direcci\u00f3n de las oficinas centrales y m\u00e1s cosas sobre SafeStart Europe. (Imagen: \u00a9 Ridofranz | Getty Images)"},{"@type":"BreadcrumbList","@id":"https:\/\/la.safestart.com\/oldv\/creditos\/#breadcrumb","itemListElement":[{"@type":"ListItem","position":1,"name":"SafeStart","item":"https:\/\/la.safestart.com\/oldv\/"},{"@type":"ListItem","position":2,"name":"Cr\u00e9ditos"}]},{"@type":"WebSite","@id":"https:\/\/la.safestart.com\/oldv\/#website","url":"https:\/\/la.safestart.com\/oldv\/","name":"SafeStart","description":"SafeStart aborda los errores humanos involuntarios y los h\u00e1bitos de seguridad cr\u00edticos, disminuyendo el riesgo y la probabilidad de lesiones. SafeStart acelera y mejora notablemente los esfuerzos emprendidos a fin de reducir los incidentes, complementando aquellos enfoques.","publisher":{"@id":"https:\/\/la.safestart.com\/oldv\/#organization"},"potentialAction":[{"@type":"SearchAction","target":{"@type":"EntryPoint","urlTemplate":"https:\/\/la.safestart.com\/oldv\/?s={search_term_string}"},"query-input":"required name=search_term_string"}],"inLanguage":"es"},{"@type":"Organization","@id":"https:\/\/la.safestart.com\/oldv\/#organization","name":"SafeStart","url":"https:\/\/la.safestart.com\/oldv\/","logo":{"@type":"ImageObject","inLanguage":"es","@id":"https:\/\/la.safestart.com\/oldv\/#\/schema\/logo\/image\/","url":"https:\/\/lightyellow-salamander-971425.hostingersite.com\/wp-content\/uploads\/2018\/06\/SafeStart-Logo_1.jpg","contentUrl":"https:\/\/lightyellow-salamander-971425.hostingersite.com\/wp-content\/uploads\/2018\/06\/SafeStart-Logo_1.jpg","width":1057,"height":491,"caption":"SafeStart"},"image":{"@id":"https:\/\/la.safestart.com\/oldv\/#\/schema\/logo\/image\/"},"sameAs":["https:\/\/www.facebook.com\/safestart\/","https:\/\/www.linkedin.com\/showcase\/safestart-europe\/","https:\/\/www.youtube.com\/channel\/UCuy50tTZ7S-IvM58tYj9EmA"]}]}},"_links":{"self":[{"href":"https:\/\/la.safestart.com\/oldv\/wp-json\/wp\/v2\/pages\/163","targetHints":{"allow":["GET"]}}],"collection":[{"href":"https:\/\/la.safestart.com\/oldv\/wp-json\/wp\/v2\/pages"}],"about":[{"href":"https:\/\/la.safestart.com\/oldv\/wp-json\/wp\/v2\/types\/page"}],"author":[{"embeddable":true,"href":"https:\/\/la.safestart.com\/oldv\/wp-json\/wp\/v2\/users\/17"}],"replies":[{"embeddable":true,"href":"https:\/\/la.safestart.com\/oldv\/wp-json\/wp\/v2\/comments?post=163"}],"version-history":[{"count":6,"href":"https:\/\/la.safestart.com\/oldv\/wp-json\/wp\/v2\/pages\/163\/revisions"}],"predecessor-version":[{"id":3550,"href":"https:\/\/la.safestart.com\/oldv\/wp-json\/wp\/v2\/pages\/163\/revisions\/3550"}],"wp:featuredmedia":[{"embeddable":true,"href":"https:\/\/la.safestart.com\/oldv\/wp-json\/wp\/v2\/media\/1875"}],"wp:attachment":[{"href":"https:\/\/la.safestart.com\/oldv\/wp-json\/wp\/v2\/media?parent=163"}],"curies":[{"name":"wp","href":"https:\/\/api.w.org\/{rel}","templated":true}]}}